est common divisor of 6216472 and 192.
8
Calculate the highest common factor of 2412 and 62640042.
402
What is the greatest common factor of 1425120 and 83440?
80
Calculate the highest common factor of 45 and 155482155.
45
Calculate the highest common factor of 16181 and 12639.
11
What is the greatest common factor of 13537867 and 2401?
343
Calculate the greatest common divisor of 1054778 and 26190.
194
What is the greatest common factor of 260 and 5277770?
10
What is the highest common factor of 230 and 147474?
2
What is the greatest common divisor of 19082 and 300314?
14
What is the greatest common divisor of 180 and 751104?
36
Calculate the greatest common divisor of 349627835 and 475.
95
What is the greatest common divisor of 399665 and 3964065?
665
Calculate the greatest common factor of 19573 and 12811.
23
Calculate the highest common factor of 1060 and 2574940.
20
What is the greatest common divisor of 184 and 57851509?
23
What is the highest common factor of 8821 and 748947005?
8821
What is the highest common factor of 3108 and 376972428?
3108
Calculate the highest common divisor of 2524 and 1259.
1
Calculate the highest common divisor of 9504 and 7509216.
1056
What is the greatest common divisor of 134804 and 26347140?
2012
What is the greatest common divisor of 10862508 and 24?
12
Calculate the greatest common divisor of 1443 and 151645.
13
Calculate the highest common divisor of 34381190 and 70.
10
Calculate the highest common factor of 1062 and 157162725.
531
What is the greatest common divisor of 230 and 95188490?
230
Calculate the greatest common divisor of 5284 and 1868.
4
Calculate the highest common factor of 3857735 and 665.
35
Calculate the greatest common divisor of 868 and 2028082.
434
What is the greatest common divisor of 165 and 26116255?
55
Calculate the highest common divisor of 38457749 and 28171.
2167
What is the greatest common divisor of 2453 and 3428402?
223
Calculate the greatest common divisor of 2208 and 24426.
138
Calculate the highest common factor of 788 and 1847466.
394
What is the greatest common factor of 57579888 and 312?
24
Calculate the highest common factor of 14870206 and 52.
26
What is the greatest common divisor of 104318973 and 99?
99
Calculate the greatest common factor of 171 and 2070886.
19
What is the highest common factor of 8 and 412554616?
8
What is the highest common factor of 1280 and 623840?
160
Calculate the highest common divisor of 588 and 572388.
12
What is the greatest common factor of 1857 and 2060651?
619
Calculate the highest common factor of 2040 and 37238640.
120
Calculate the highest common factor of 12851 and 14482154.
71
What is the greatest common divisor of 220927500 and 3750?
3750
What is the greatest common divisor of 444483904 and 1088?
1088
Calculate the greatest common divisor of 281619 and 3735.
747
What is the highest common factor of 12936 and 3406172?
308
What is the greatest common factor of 134 and 1655524?
2
What is the greatest common factor of 54 and 357455946?
6
Calculate the highest common divisor of 22521746 and 52.
26
What is the greatest common factor of 3476 and 4083684?
44
What is the greatest common factor of 363118 and 504?
14
Calculate the highest common divisor of 811522219 and 2083.
2083
Calculate the greatest common divisor of 2349 and 2770399.
29
What is the greatest common factor of 763 and 48476115?
109
What is the highest common factor of 6387750 and 85?
85
What is the greatest common factor of 3965 and 6908555?
305
What is the greatest common factor of 812703 and 5071622?
4441
Calculate the greatest common divisor of 3245000 and 308.
44
Calculate the highest common divisor of 93193 and 394789.
41
Calculate the highest common factor of 113535 and 27075995.
4205
What is the greatest common divisor of 2285886148 and 91?
91
Calculate the highest common divisor of 40932340 and 58.
58
What is the highest common factor of 15 and 325491105?
15
What is the highest common factor of 1933 and 379913753?
1933
Calculate the highest common factor of 3660 and 1312560.
60
Calculate the greatest common divisor of 7095393 and 9.
9
What is the greatest common divisor of 1691740 and 2580?
20
What is the greatest common divisor of 536 and 3327679352?
536
Calculate the greatest common factor of 30310012 and 172.
172
What is the greatest common divisor of 83949960 and 1208?
1208
What is the greatest common factor of 31278183 and 1587?
1587
What is the highest common factor of 516495 and 210?
105
Calculate the highest common factor of 3936 and 244161888.
3936
What is the highest common divisor of 935770 and 6490?
110
What is the highest common factor of 670 and 103738445?
335
What is the highest common divisor of 131736799 and 2689?
2689
Calculate the highest common divisor of 440156 and 304.
4
What is the highest common factor of 2359 and 2219623?
7
Calculate the greatest common divisor of 556 and 19008667.
139
What is the highest common divisor of 41362895 and 2555?
2555
What is the greatest common factor of 81207 and 316596?
21
What is the greatest common factor of 345400 and 2410892?
6908
Calculate the highest common divisor of 115360 and 803320.
280
Calculate the greatest common divisor of 110906 and 6946.
46
What is the highest common factor of 36 and 3495726?
18
Calculate the highest common factor of 20784 and 10328782.
866
Calculate the greatest common factor of 26714 and 57054.
74
What is the highest common factor of 1014 and 4080297?
39
Calculate the greatest common factor of 25121121 and 1.
1
Calculate the greatest common divisor of 285 and 147555.
15
Calculate the highest common factor of 87833742 and 6.
6
What is the highest common factor of 50 and 5291770?
10
Calculate the highest common factor of 18300 and 470100.
300
What is the greatest common factor of 2128 and 170000?
16
Calculate the greatest common divisor of 668254 and 4.
2
What is the highest common divisor of 2904835 and 16403?
47
What is the greatest common factor of 58578608 and 72?
8
Calculate the highest common divisor of 56 and 256956576.
8
What is the highest common divisor of 53922654 and 1278?
1278
What is the greatest common divisor of 3292592 and 101032?
584
What is the greatest common divisor of 1181922 and 17334?
642
What is the greatest common divisor of 1215 and 16657650?
1215
What is the highest common divisor of 385 and 38473050?
385
What is the greatest common factor of 872679981 and 3?
3
Calculate the highest common factor of 2048652 and 8100.
324
Calculate the highest common divisor of 19220762 and 110.
22
What is the greatest common factor of 264637323 and 2319?
2319
What is the highest common divisor of 64 and 18721364?
4
What is the highest common factor of 295652599 and 123?
41
Calculate the greatest common divisor of 92318732 and 44.
44
Calculate the greatest common factor of 18940768 and 9184.
224
Calculate the highest common divisor of 169028130 and 2650.
530
What is the highest common factor of 116228 and 41356?
196
Calculate the highest common divisor of 2316 and 54930116.
772
Calculate the greatest common factor of 7347 and 515712.
237
What is the highest common factor of 9817292 and 22518?
278
What is the greatest common factor of 3256 and 17954176?
296
Calculate the highest common divisor of 18 and 14578479.
9
Calculate the greatest common divisor of 14850 and 111970.
10
What is the greatest common divisor of 55527168 and 768?
768
Calculate the greatest common factor of 339611 and 2748793.
709
What is the highest common factor of 212 and 20052338?
106
What is the highest common factor of 3435 and 229969815?
3435
Calculate the greatest common factor of 1054 and 58698314.
1054
What is the highest common divisor of 501008 and 263536?
2896
What is the greatest common factor of 69 and 1781094?
3
Calculate the highest common factor of 61 and 1145274329.
61
What is the highest common divisor of 1240 and 1981272?
248
Calculate the greatest common divisor of 1483658 and 2479375.
3967
Calculate the highest common factor of 16664 and 21656.
8
What is the greatest common factor of 3444713008 and 4024?
4024
What is the highest common factor of 10 and 6198664470?
10
Calculate the highest common divisor of 6314760 and 405.
405
Calculate the highest common factor of 6114 